{"id":442,"date":"2021-04-13T00:02:53","date_gmt":"2021-04-12T22:02:53","guid":{"rendered":"https:\/\/www.cap1.travel\/?page_id=442"},"modified":"2022-12-03T20:39:35","modified_gmt":"2022-12-03T19:39:35","slug":"serviceleistungen","status":"publish","type":"page","link":"https:\/\/www.cap1.travel\/index.php\/serviceleistungen\/","title":{"rendered":"Service"},"content":{"rendered":"<p><div class=\"fusion-fullwidth fullwidth-box fusion-builder-row-1 fusion-flex-container fusion-parallax-none nonhundred-percent-fullwidth non-hundred-percent-height-scrolling\" style=\"background-color: rgba(255,255,255,0);background-image: url(&quot;https:\/\/www.cap1.travel\/wp-content\/uploads\/2021\/08\/DSC05130.jpg&quot;);background-image:linear-gradient(120deg, rgba(255,255,255,0.75) 38%,rgba(255,255,255,0) 100%),url(https:\/\/www.cap1.travel\/wp-content\/uploads\/2021\/08\/DSC05130.jpg);background-position: center center;background-repeat: no-repeat;border-width: 0px 0px 0px 0px;border-color:#e2e2e2;border-style:solid;-webkit-background-size:cover;-moz-background-size:cover;-o-background-size:cover;background-size:cover;\" ><div class=\"fusion-builder-row fusion-row fusion-flex-align-items-center\" style=\"max-width:1320px;margin-left: calc(-10% \/ 2 );margin-right: calc(-10% \/ 2 );\"><div class=\"fusion-layout-column fusion_builder_column fusion-builder-column-0 fusion_builder_column_1_1 1_1 fusion-flex-column\"><div class=\"fusion-column-wrapper fusion-flex-justify-content-flex-start fusion-content-layout-column\" style=\"background-position:left top;background-repeat:no-repeat;-webkit-background-size:cover;-moz-background-size:cover;-o-background-size:cover;background-size:cover;padding: 0px 0px 0px 0px;\"><div class=\"fusion-separator fusion-full-width-sep spacer_75\" style=\"align-self: center;margin-left: auto;margin-right: auto;margin-top:75px;margin-bottom:0px;width:100%;\"><\/div>\n<\/div><style type=\"text\/css\">.fusion-body .fusion-builder-column-0{width:100% !important;margin-top : 0px;margin-bottom : 20px;}.fusion-builder-column-0 > .fusion-column-wrapper {padding-top : 0px !important;padding-right : 0px !important;margin-right : 4.5%;padding-bottom : 0px !important;padding-left : 0px !important;margin-left : 4.5%;}@media only screen and (max-width:1024px) {.fusion-body .fusion-builder-column-0{width:100% !important;order : 0;}.fusion-builder-column-0 > .fusion-column-wrapper {margin-right : 4.5%;margin-left : 4.5%;}}@media only screen and (max-width:640px) {.fusion-body .fusion-builder-column-0{width:100% !important;order : 0;}.fusion-builder-column-0 > .fusion-column-wrapper {margin-right : 4.5%;margin-left : 4.5%;}}<\/style><\/div><div class=\"fusion-layout-column fusion_builder_column fusion-builder-column-1 fusion_builder_column_1_2 1_2 fusion-flex-column fusion-animated\" data-animationType=\"fadeInUp\" data-animationDuration=\"1.0\" data-animationOffset=\"100%\"><div class=\"fusion-column-wrapper fusion-flex-justify-content-flex-start fusion-content-layout-column\" style=\"background-position:left top;background-repeat:no-repeat;-webkit-background-size:cover;-moz-background-size:cover;-o-background-size:cover;background-size:cover;padding: 0px 0px 0px 0px;\"><div ><style type=\"text\/css\">.fusion-button.button-1 {border-radius:0px;}<\/style><a class=\"fusion-button button-flat fusion-button-default-size button-default button-1 fusion-button-default-span fusion-button-default-type\" target=\"_self\" href=\"https:\/\/www.cap1.travel\/index.php\/reservierung\/\"><span class=\"fusion-button-text\">Jetzt buchen<\/span><\/a><\/div><\/div><style type=\"text\/css\">.fusion-body .fusion-builder-column-1{width:50% !important;margin-top : 0px;margin-bottom : 20px;}.fusion-builder-column-1 > .fusion-column-wrapper {padding-top : 0px !important;padding-right : 0px !important;margin-right : 9%;padding-bottom : 0px !important;padding-left : 0px !important;margin-left : 9%;}@media only screen and (max-width:1024px) {.fusion-body .fusion-builder-column-1{width:50% !important;order : 0;}.fusion-builder-column-1 > .fusion-column-wrapper {margin-right : 9%;margin-left : 9%;}}@media only screen and (max-width:640px) {.fusion-body .fusion-builder-column-1{width:100% !important;order : 0;}.fusion-builder-column-1 > .fusion-column-wrapper {margin-right : 4.5%;margin-left : 4.5%;}}<\/style><\/div><div class=\"fusion-layout-column fusion_builder_column fusion-builder-column-2 fusion_builder_column_2_5 2_5 fusion-flex-column fusion-animated\" data-animationType=\"fadeInUp\" data-animationDuration=\"1.0\" data-animationOffset=\"100%\"><div class=\"fusion-column-wrapper fusion-flex-justify-content-flex-start fusion-content-layout-column\" style=\"background-position:left top;background-repeat:no-repeat;-webkit-background-size:cover;-moz-background-size:cover;-o-background-size:cover;background-size:cover;padding: 0px 0px 0px 0px;\"><\/div><style type=\"text\/css\">.fusion-body .fusion-builder-column-2{width:40% !important;margin-top : 0px;margin-bottom : 20px;}.fusion-builder-column-2 > .fusion-column-wrapper {padding-top : 0px !important;padding-right : 0px !important;margin-right : 11.25%;padding-bottom : 0px !important;padding-left : 0px !important;margin-left : 11.25%;}@media only screen and (max-width:1024px) {.fusion-body .fusion-builder-column-2{width:40% !important;order : 0;}.fusion-builder-column-2 > .fusion-column-wrapper {margin-right : 11.25%;margin-left : 11.25%;}}@media only screen and (max-width:640px) {.fusion-body .fusion-builder-column-2{width:100% !important;order : 0;}.fusion-builder-column-2 > .fusion-column-wrapper {margin-right : 4.5%;margin-left : 4.5%;}}<\/style><\/div><div class=\"fusion-layout-column fusion_builder_column fusion-builder-column-3 fusion_builder_column_1_1 1_1 fusion-flex-column\"><div class=\"fusion-column-wrapper fusion-flex-justify-content-flex-start fusion-content-layout-column\" style=\"background-position:left top;background-repeat:no-repeat;-webkit-background-size:cover;-moz-background-size:cover;-o-background-size:cover;background-size:cover;padding: 0px 0px 0px 0px;\"><div class=\"fusion-separator fusion-full-width-sep spacer_75\" style=\"align-self: center;margin-left: auto;margin-right: auto;margin-top:75px;margin-bottom:0px;width:100%;\"><\/div>\n<\/div><style type=\"text\/css\">.fusion-body .fusion-builder-column-3{width:100% !important;margin-top : 0px;margin-bottom : 20px;}.fusion-builder-column-3 > .fusion-column-wrapper {padding-top : 0px !important;padding-right : 0px !important;margin-right : 4.5%;padding-bottom : 0px !important;padding-left : 0px !important;margin-left : 4.5%;}@media only screen and (max-width:1024px) {.fusion-body .fusion-builder-column-3{width:100% !important;order : 0;}.fusion-builder-column-3 > .fusion-column-wrapper {margin-right : 4.5%;margin-left : 4.5%;}}@media only screen and (max-width:640px) {.fusion-body .fusion-builder-column-3{width:100% !important;order : 0;}.fusion-builder-column-3 > .fusion-column-wrapper {margin-right : 4.5%;margin-left : 4.5%;}}<\/style><\/div><\/div><style type=\"text\/css\">.fusion-body .fusion-flex-container.fusion-builder-row-1{ padding-top : 0px;margin-top : 0px;padding-right : 0px;padding-bottom : 0px;margin-bottom : 0px;padding-left : 0px;}<\/style><\/div><div class=\"fusion-fullwidth fullwidth-box fusion-builder-row-2 fusion-flex-container nonhundred-percent-fullwidth non-hundred-percent-height-scrolling\" style=\"background-color: rgba(255,255,255,0);background-position: center center;background-repeat: no-repeat;border-width: 0px 0px 0px 0px;border-color:#e2e2e2;border-style:solid;\" ><div class=\"fusion-builder-row fusion-row fusion-flex-align-items-flex-start\" style=\"max-width:1248px;margin-left: calc(-4% \/ 2 );margin-right: calc(-4% \/ 2 );\"><div class=\"fusion-layout-column fusion_builder_column fusion-builder-column-4 fusion_builder_column_1_1 1_1 fusion-flex-column\"><div class=\"fusion-column-wrapper fusion-flex-justify-content-flex-start fusion-content-layout-column\" style=\"background-position:left top;background-repeat:no-repeat;-webkit-background-size:cover;-moz-background-size:cover;-o-background-size:cover;background-size:cover;padding: 0px 0px 0px 0px;\"><div class=\"fusion-separator fusion-full-width-sep spacer_100\" style=\"align-self: center;margin-left: auto;margin-right: auto;margin-top:100px;margin-bottom:0px;width:100%;\"><\/div>\n<div class=\"fusion-text fusion-text-1\"><h3 data-fontsize=\"32\" style=\"--fontSize:32; line-height: 1.3;\" data-lineheight=\"41.6px\" class=\"fusion-responsive-typography-calculated\">Allgemeine Informationen zu unserem CAP1 Boardinghouse<\/h3>\n<p>Wir freuen uns, Sie zu den B\u00fcrozeiten (montags bis freitags von 8 Uhr bis 18 Uhr) pers\u00f6nlich zu begr\u00fc\u00dfen und uns um Ihre Anliegen und W\u00fcnsche zu k\u00fcmmern. Au\u00dferhalb dieser Zeiten k\u00f6nnen Sie uns im Notfall bis 22 Uhr \u00fcber unsere Notfallrufnummer erreichen.<\/p>\n<p>Unsere Zimmer stehen Ihnen am Anreisetag ab 15 Uhr zur Verf\u00fcgung, am Abreisetag bitten wir Sie, das Zimmer bis 10 Uhr zu r\u00e4umen.<\/p>\n<p>Wir bieten unseren G\u00e4sten kostenfreie Parkm\u00f6glichkeiten sowie kostenfreies Highspeed Internet an.<\/p>\n<p>Zimmerreinigung: eine erste Reinigung erfolgt am dritten Tag nach Ihrer Anreise, der W\u00e4schewechsel im 7-t\u00e4gigen Rhythmus. Ben\u00f6tigen Sie bereits vorher frische W\u00e4sche, lassen Sie uns dies gerne wissen. <\/p>\n<p>Alle Zimmer sind Nichtraucher Zimmer, Haustiere sind leider nicht erlaubt, wir bitten hier um Verst\u00e4ndnis.<\/p>\n<h4 data-fontsize=\"28\" style=\"--fontSize:28; line-height: 1.36;\" data-lineheight=\"38.08px\" class=\"fusion-responsive-typography-calculated\">Check-in \/ Check-out<\/h4>\n<p>Durch unseren digitalen G\u00e4stebegleiter bieten wir Ihnen eine komfortable L\u00f6sung zum selbst\u00e4ndigen Check-in und Check-out. <\/p>\n<p>Bereits am Morgen Ihres Anreisetages k\u00f6nnen Sie bequem online einchecken (z.B. \u00fcber Ihr Handy, Tablet oder Ihren Laptop). Ihr Zimmer steht Ihnen am Anreisetag ab 15 Uhr zur Verf\u00fcgung. Der Check-in vor Ort ist ab 15 Uhr m\u00f6glich. Sie erhalten vorab per Email s\u00e4mtliche Informationen zum Check-in sowie einen Zugangscode, um die Haupteingangst\u00fcre in den Abendstunden und am Wochenende zu \u00f6ffnen. Im Foyer des Boardinghouses k\u00f6nnen Sie dann entweder an unserem Self-Check-in Terminal einchecken oder, sofern Sie dies bereits online getan haben, Ihre Zimmerkarte kodieren. <span style=\"background-color: rgba(255, 255, 255, 0); color: var(--body_typography-color); font-family: var(--body_typography-font-family); font-size: var(--body_typography-font-size); font-style: var(--body_typography-font-style,normal); font-weight: var(--body_typography-font-weight); letter-spacing: var(--body_typography-letter-spacing);\">Wir empfehlen Ihnen den Online Check-in, um vor Ort wertvolle Zeit zu sparen und Ihnen die Anreise so bequem wie m\u00f6glich zu gestalten. <\/span><\/p>\n<p>Der Check-out erfolgt bis um 10 Uhr und ist ebenso automatisiert, Sie k\u00f6nnen ganz bequem online auschecken und erhalten Ihre Rechnung sofort per Email. Beachten Sie bitte, dass der Zutritt zu Ihrem Zimmer ab 10 Uhr nicht mehr mit Ihrer Zimmerkarte m\u00f6glich ist. Wir bitte Sie, die Zimmerkarte in die daf\u00fcr vorgesehenen K\u00e4stchen neben dem Lift zu legen.<\/p>\n<p>Wir w\u00fcnschen Ihnen einen angenehmen Aufenthalt und hoffen, dass Sie sich bei uns wohl f\u00fchlen.<\/p>\n<p>Ihr CAP1 Boardinghouse Team<\/p>\n<h3 class=\"fusion-responsive-typography-calculated\" style=\"--fontsize: 32; line-height: 1.3; --fontSize:32;\" data-fontsize=\"32\" data-lineheight=\"41.6px\"><\/h3>\n<\/div><\/div><style type=\"text\/css\">.fusion-body .fusion-builder-column-4{width:100% !important;margin-top : 0px;margin-bottom : 20px;}.fusion-builder-column-4 > .fusion-column-wrapper {padding-top : 0px !important;padding-right : 0px !important;margin-right : 1.92%;padding-bottom : 0px !important;padding-left : 0px !important;margin-left : 1.92%;}@media only screen and (max-width:1024px) {.fusion-body .fusion-builder-column-4{width:100% !important;order : 0;}.fusion-builder-column-4 > .fusion-column-wrapper {margin-right : 1.92%;margin-left : 1.92%;}}@media only screen and (max-width:640px) {.fusion-body .fusion-builder-column-4{width:100% !important;order : 0;}.fusion-builder-column-4 > .fusion-column-wrapper {margin-right : 1.92%;margin-left : 1.92%;}}<\/style><\/div><\/div><style type=\"text\/css\">.fusion-body .fusion-flex-container.fusion-builder-row-2{ padding-top : 0px;margin-top : 0px;padding-right : 0px;padding-bottom : 0px;margin-bottom : 0px;padding-left : 0px;}<\/style><\/div><\/p>\n","protected":false},"excerpt":{"rendered":"","protected":false},"author":1,"featured_media":0,"parent":0,"menu_order":0,"comment_status":"closed","ping_status":"closed","template":"100-width.php","meta":{"footnotes":""},"class_list":["post-442","page","type-page","status-publish","hentry"],"_links":{"self":[{"href":"https:\/\/www.cap1.travel\/index.php\/wp-json\/wp\/v2\/pages\/442","targetHints":{"allow":["GET"]}}],"collection":[{"href":"https:\/\/www.cap1.travel\/index.php\/wp-json\/wp\/v2\/pages"}],"about":[{"href":"https:\/\/www.cap1.travel\/index.php\/wp-json\/wp\/v2\/types\/page"}],"author":[{"embeddable":true,"href":"https:\/\/www.cap1.travel\/index.php\/wp-json\/wp\/v2\/users\/1"}],"replies":[{"embeddable":true,"href":"https:\/\/www.cap1.travel\/index.php\/wp-json\/wp\/v2\/comments?post=442"}],"version-history":[{"count":25,"href":"https:\/\/www.cap1.travel\/index.php\/wp-json\/wp\/v2\/pages\/442\/revisions"}],"predecessor-version":[{"id":1010,"href":"https:\/\/www.cap1.travel\/index.php\/wp-json\/wp\/v2\/pages\/442\/revisions\/1010"}],"wp:attachment":[{"href":"https:\/\/www.cap1.travel\/index.php\/wp-json\/wp\/v2\/media?parent=442"}],"curies":[{"name":"wp","href":"https:\/\/api.w.org\/{rel}","templated":true}]}}